{"id":2534,"date":"2017-06-01T15:28:46","date_gmt":"2017-06-01T15:28:46","guid":{"rendered":"http:\/\/www.encontraamericana.com.br\/noticias\/?page_id=2534"},"modified":"2025-09-29T11:44:24","modified_gmt":"2025-09-29T14:44:24","slug":"sobre-americana","status":"publish","type":"page","link":"https:\/\/www.encontraamericana.com.br\/sobre\/","title":{"rendered":"Sobre Americana"},"content":{"rendered":"<div class=\"a5b19addc3b60ae39ffd01daa729d676\" data-index=\"1\" style=\"float: none; margin:0px;\">\n<!-- Anuncio display - global -->\r\n<ins class=\"adsbygoogle\"\r\n     style=\"display:block\"\r\n     data-ad-client=\"ca-pub-8585364105181520\"\r\n     data-ad-slot=\"8789329856\"\r\n     data-ad-format=\"auto\"\r\n     data-full-width-responsive=\"true\"><\/ins>\r\n<script>\r\n     (adsbygoogle = window.adsbygoogle || []).push({});\r\n<\/script>\n<\/div>\n<p><img decoding=\"async\" class=\"alignnone size-full wp-image-2535\" src=\"https:\/\/www.encontraamericana.com.br\/noticias\/wp-content\/uploads\/americana-sp.jpg\" alt=\"\" width=\"99%\" srcset=\"https:\/\/www.encontraamericana.com.br\/sobre\/wp-content\/uploads\/americana-sp.jpg 565w, https:\/\/www.encontraamericana.com.br\/sobre\/wp-content\/uploads\/americana-sp-300x105.jpg 300w\" sizes=\"(max-width: 565px) 100vw, 565px\" \/><\/p>\n<p>Americana \u00e9 um munic\u00edpio brasileiro do estado de S\u00e3o Paulo e microrregi\u00e3o de <a title=\"Campinas\" href=\"http:\/\/www.encontracampinas.com.br\/\" target=\"_blank\" rel=\"noopener noreferrer\">Campinas<\/a>, fundado em 27 de agosto de 1875. Seu nome se d\u00e1 em virtude da vila que surgiu ao redor de uma esta\u00e7\u00e3o de trem que na \u00e9poca servia ao munic\u00edpio vizinho de Santa B\u00e1rbara.<\/p>\n<p>Foi povoada majoritariamente por portugueses e seus descendentes, escravos, norte-americanos e a maior por\u00e7\u00e3o por italianos. Houve uma razo\u00e1vel imigra\u00e7\u00e3o de norte-americanos \u00e0quela regi\u00e3o, que tornou a regi\u00e3o famosa por estes. Quando chegou a estrada de ferro a esta\u00e7\u00e3o foi chamada de &#8220;Villa dos Americanos&#8221;, tamanho o destaque dos norte-americanos. A cidade foi chamada tamb\u00e9m de &#8220;Villa dos Americanos&#8221;, mais tarde &#8220;Villa Americana&#8221; e finalmente &#8220;Americana&#8221;.<\/p>\n<p>A <a title=\"Cidade Americana\" href=\"http:\/\/www.encontraamericana.com.br\/\" target=\"_blank\" rel=\"noopener noreferrer\">cidade Americana<\/a> destaca-se por sua qualidade de vida, sendo a 19\u00ba colocada em IDH do estado de S\u00e3o Paulo, e a 59\u00ba do Brasil, al\u00e9m de ser a cidade com a menor taxa de mortalidade infantil do estado de S\u00e3o Paulo e a cidade com menor taxa de homic\u00eddios da Regi\u00e3o Metropolitana de Campinas, embora o n\u00famero de homic\u00eddios dolosos em 2009 tenha aumentado cerca de 60%, conforme dados da SSP\/SP. \u00c9 hoje um importante foco de investimento nacional e internacional. Com m\u00e3o-de-obra qualificada em diversos setores, o munic\u00edpio destaca-se como um dos principais p\u00f3los fabricantes de tecidos planos de fibras artificiais e sint\u00e9ticas da Am\u00e9rica Latina. Recentemente, a Prefeitura de Campinas denunciou que <a title=\"Americana-SP\" href=\"http:\/\/www.encontraamericana.com.br\/\" target=\"_blank\" rel=\"noopener noreferrer\">Americana<\/a> estaria &#8220;exportando&#8221; mendigos, pagando passagens de \u00f4nibus para que os mesmos deixassem a cidade.<\/p>\n<p>Um dos acessos \u00e0 cidade \u00e9 a <a title=\"Rodovia Anhanguera\" href=\"http:\/\/www.rodoviaanhanguera.com.br\/\" target=\"_blank\" rel=\"noopener noreferrer\">Rodovia Anhanguera<\/a>.<\/p>\n<p>Para homenagear a comunidade de moradores desta maravilhosa cidade, o <a title=\"Encontra S\u00e3o Paulo\" href=\"http:\/\/www.encontrasaopaulo.com.br\/\" target=\"_blank\" rel=\"noopener noreferrer\">Encontra S\u00e3o Paulo<\/a> criou o <a title=\"Encontra Americana\" href=\"http:\/\/www.encontraamericana.com.br\/\" target=\"_blank\" rel=\"noopener noreferrer\">Encontra Americana<\/a>.<\/p>\n<h2>Limites &#8211; Cidades Vizinhas<\/h2>\n<p><a title=\"Limeira\" href=\"http:\/\/www.encontralimeira.com.br\/\" target=\"_blank\" rel=\"noopener noreferrer\">Limeira<\/a>, <a title=\"Cosm\u00f3polis\" href=\"http:\/\/www.encontrasp.com.br\/cosmopolis\" target=\"_blank\" rel=\"noopener noreferrer\">Cosm\u00f3polis<\/a>, <a title=\"Paul\u00ednia\" href=\"http:\/\/www.encontrapaulinia.com.br\/\" target=\"_blank\" rel=\"noopener noreferrer\">Paul\u00ednia<\/a>, <a title=\"Nova Odessa\" href=\"http:\/\/www.encontrasp.com.br\/nova-odessa\" target=\"_blank\" rel=\"noopener noreferrer\">Nova Odessa<\/a> e <a title=\"Santa B\u00e1rbara d'Oeste\" href=\"http:\/\/www.encontrasantabarbaradoeste.com.br\/\" target=\"_blank\" rel=\"noopener noreferrer\">Santa B\u00e1rbara d&#8217;Oeste<\/a><\/p>\n<h4>Dados Principais sobre o Americana<\/h4>\n<p><strong>Anivers\u00e1rio: <\/strong>27 de agosto<br \/>\n<strong>Funda\u00e7\u00e3o : <\/strong>1875<br \/>\n<strong>Gent\u00edlico:<\/strong> &gt;Americanense<br \/>\n<strong>Area: <\/strong>133,630 Km\u00b2<br \/>\n<strong>Popula\u00e7\u00e3o<\/strong> 210.701 hab. (2010)<br \/>\n<strong>IDH\/strong&gt; 0,840 &#8211; elevado<br \/>\n<strong>Prefeitura<\/strong> Americana<br \/>\n<strong>Regi\u00e3o metropolitana<\/strong> Campinas<\/strong><\/p>\n<div id=\"attachment_2536\" style=\"width: 114px\" class=\"wp-caption alignnone\"><img loading=\"lazy\" decoding=\"async\" aria-describedby=\"caption-attachment-2536\" class=\"wp-image-2536 size-full\" src=\"https:\/\/www.encontraamericana.com.br\/sobre\/wp-content\/uploads\/brasao-de-americana.jpg\" alt=\"Bras\u00e3o de Americana\" width=\"104\" height=\"119\" \/><p id=\"caption-attachment-2536\" class=\"wp-caption-text\">Bras\u00e3o de Americana<\/p><\/div>\n<div id=\"attachment_2537\" style=\"width: 155px\" class=\"wp-caption alignnone\"><img loading=\"lazy\" decoding=\"async\" aria-describedby=\"caption-attachment-2537\" class=\"wp-image-2537 size-full\" src=\"https:\/\/www.encontraamericana.com.br\/sobre\/wp-content\/uploads\/bandeira-de-americana.jpg\" alt=\"Bandeira de Americana\" width=\"145\" height=\"93\" \/><p id=\"caption-attachment-2537\" class=\"wp-caption-text\">Bandeira de Americana<\/p><\/div>\n<h2>Moradores ilustres de Americana<\/h2>\n<p><iframe loading=\"lazy\" style=\"border: none; overflow: hidden; width: 100%; height: 252px;\" src=\"https:\/\/www.facebook.com\/plugins\/likebox.php?href=http%3A%2F%2Fwww.facebook.com%2Fspamericana&amp;width=520&amp;colorscheme=light&amp;show_faces=true&amp;stream=false&amp;header=false&amp;height=252\" width=\"300\" height=\"150\" frameborder=\"0\" scrolling=\"No\"><\/iframe><\/p>\n\n<div style=\"font-size: 0px; height: 0px; line-height: 0px; margin: 0; padding: 0; clear: both;\"><\/div>","protected":false},"excerpt":{"rendered":"<p>Americana \u00e9 um munic\u00edpio brasileiro do estado de S\u00e3o Paulo e microrregi\u00e3o de Campinas, fundado em 27 de agosto de 1875. Seu nome se d\u00e1 em virtude da vila que surgiu ao redor de uma esta\u00e7\u00e3o de trem que na \u00e9poca servia ao munic\u00edpio vizinho de Santa B\u00e1rbara. Foi povoada majoritariamente por portugueses e seus descendentes, escravos, norte-americanos e a maior por\u00e7\u00e3o por italianos. Houve uma razo\u00e1vel imigra\u00e7\u00e3o de norte-americanos \u00e0quela regi\u00e3o, que tornou a regi\u00e3o famosa por estes. Quando chegou a estrada de ferro a esta\u00e7\u00e3o foi chamada de &#8220;Villa dos Americanos&#8221;, tamanho o destaque dos norte-americanos. A cidade <\/p>\n","protected":false},"author":1,"featured_media":0,"parent":0,"menu_order":0,"comment_status":"closed","ping_status":"closed","template":"","meta":{"footnotes":""},"class_list":["post-2534","page","type-page","status-publish","hentry"],"aioseo_notices":[],"_links":{"self":[{"href":"https:\/\/www.encontraamericana.com.br\/sobre\/wp-json\/wp\/v2\/pages\/2534","targetHints":{"allow":["GET"]}}],"collection":[{"href":"https:\/\/www.encontraamericana.com.br\/sobre\/wp-json\/wp\/v2\/pages"}],"about":[{"href":"https:\/\/www.encontraamericana.com.br\/sobre\/wp-json\/wp\/v2\/types\/page"}],"author":[{"embeddable":true,"href":"https:\/\/www.encontraamericana.com.br\/sobre\/wp-json\/wp\/v2\/users\/1"}],"replies":[{"embeddable":true,"href":"https:\/\/www.encontraamericana.com.br\/sobre\/wp-json\/wp\/v2\/comments?post=2534"}],"version-history":[{"count":0,"href":"https:\/\/www.encontraamericana.com.br\/sobre\/wp-json\/wp\/v2\/pages\/2534\/revisions"}],"wp:attachment":[{"href":"https:\/\/www.encontraamericana.com.br\/sobre\/wp-json\/wp\/v2\/media?parent=2534"}],"curies":[{"name":"wp","href":"https:\/\/api.w.org\/{rel}","templated":true}]}}